{"id":32,"date":"2025-10-25T08:21:54","date_gmt":"2025-10-25T08:21:54","guid":{"rendered":"https:\/\/www.namoroka.org\/?page_id=32"},"modified":"2026-01-14T16:06:16","modified_gmt":"2026-01-14T16:06:16","slug":"nous-soutenir","status":"publish","type":"page","link":"https:\/\/www.namoroka.org\/?page_id=32","title":{"rendered":"Nous soutenir"},"content":{"rendered":"\n<p>Votre soutien est essentiel pour permettre \u00e0 NAMOROKA de mener ses projets&nbsp;<strong>\u00e0 bien<\/strong>.<\/p>\n\n\n\n<h2 class=\"wp-block-heading\"><strong>Faire un don<\/strong><\/h2>\n\n\n\n<p>Nos actions ne sont possibles que gr\u00e2ce \u00e0 votre g\u00e9n\u00e9rosit\u00e9. Plusieurs formules sont possibles <a href=\"https:\/\/www.helloasso.com\/associations\/namoroka\">sur notre page d\u00e9di\u00e9e<\/a> (dons ponctuels, abonnements\u2026).<\/p>\n\n\n\n<h2 class=\"wp-block-heading\"><strong>Nous rejoindre<\/strong><\/h2>\n\n\n\n<p>Vous souhaitez vous investir davantage ? Rejoignez-nous !<\/p>\n\n\n\n<p>Contactez-nous ci-dessous pour proposer votre contribution ou votre engagement.<\/p>\n\n\n\n<ul class=\"wp-block-list\">\n<li>Devenez membre avec une&nbsp;<strong>cotisation symbolique annuelle de 10 \u20ac<\/strong>.<\/li>\n\n\n\n<li>Participez activement \u00e0 nos projets ou soutenez nos actions depuis la France ou Madagascar.<\/li>\n<\/ul>\n\n\n\n<p>Chaque geste compte et nous aide \u00e0 construire des projets durables en partenariat avec les communaut\u00e9s locales.<\/p>\n\n\n\n<p>Nous serions ravis de r\u00e9pondre \u00e0 vos questions ou de discuter de votre envie de soutenir ou rejoindre nos projets.<\/p>\n\n\n\n<p>Nous sommes convaincus que chacun, avec ses comp\u00e9tences, son exp\u00e9rience ou simplement sa motivation, peut apporter une contribution pr\u00e9cieuse \u00e0 ce projet collectif. Chaque personne a un r\u00f4le \u00e0 jouer et peut participer \u00e0 faire avancer nos actions, quel que soit son profil.<\/p>\n\n\n\n<h2 class=\"wp-block-heading\"><strong>Contactez<\/strong><strong>-nous :<\/strong><\/h2>\n\n\n\n<p>Vous souhaitez contribuer, ou simplement en savoir plus ?&nbsp;<\/p>\n\n\n\n<div id=\"simple-contact-form-wrap\">\r\n\t\t<div id=\"simple-contact-form\" class=\"scf\">\r\n\t\t\t<form action=\"#simple-contact-form-wrap\" method=\"post\">\r\n\t\t\t\t<div class=\"scf-row scf-name\">\r\n\t\t\t\t\t<label for=\"scf_name\">Votre nom<\/label>\r\n\t\t\t\t\t<input name=\"scf_name\" id=\"scf_name\" type=\"text\" size=\"33\" maxlength=\"99\" value=\"\" placeholder=\"Votre nom\" \/>\r\n\t\t\t\t<\/div>\r\n\t\t\t\t<div class=\"scf-row scf-email\">\r\n\t\t\t\t\t<label for=\"scf_email\">Votre adresse e-mail<\/label>\r\n\t\t\t\t\t<input name=\"scf_email\" id=\"scf_email\" type=\"text\" size=\"33\" maxlength=\"99\" value=\"\" placeholder=\"Votre adresse\" \/>\r\n\t\t\t\t<\/div>\r\n\t\t\t\t<div class=\"scf-row scf-response\">\r\n\t\t\t\t\t<label for=\"scf_response\">Combien font 1+7 ?<\/label>\r\n\t\t\t\t\t<input name=\"scf_response\" id=\"scf_response\" type=\"text\" size=\"33\" maxlength=\"99\" value=\"\" placeholder=\"Votre r\u00e9ponse\" \/>\r\n\t\t\t\t<\/div>\r\n\t\t\t\t<div class=\"scf-row scf-message\">\r\n\t\t\t\t\t<label for=\"scf_message\">Votre Message<\/label>\r\n\t\t\t\t\t<textarea name=\"scf_message\" id=\"scf_message\" cols=\"33\" rows=\"7\" placeholder=\"Votre Message\"><\/textarea>\r\n\t\t\t\t<\/div><div class=\"scf-submit\">\r\n\t\t\t\t\t<input type=\"submit\" id=\"scf-button\" value=\"Envoyer votre message\">\r\n\t\t\t\t\t<input type=\"hidden\" id=\"scf-key\" name=\"scf-key\" value=\"process\">\r\n\t\t\t\t\t<input type=\"hidden\" id=\"scf-nonce\" name=\"scf-nonce\" value=\"ee023ce03c\" \/>\r\n\t\t\t\t<\/div>\t<div class=\"scf-confirm-checkbox\">\r\n\t\t<label><input type=\"checkbox\" required> En soumettant ce formulaire, vous acceptez que les informations saisies soient utilis\u00e9es uniquement pour permettre \u00e0 Namoroka de vous recontacter. Vos donn\u00e9es ne seront ni c\u00e9d\u00e9es ni utilis\u00e9es \u00e0 d\u2019autres fins.\r\n\r\nVous pouvez demander la suppression de vos donn\u00e9es \u00e0 tout moment.<\/label>\r\n\t<\/div><!-- .scf-confirm-checkbox -->\r\n\t<\/form>\r\n\t\t<\/div>\r\n\t\t<style>.scf-confirm-checkbox { margin-top: 15px; } .scf-website3dhhsy3 { display: none; } #simple-contact-form .scf-row { width: 100%; overflow: hidden; margin: 5px 0; padding: 5px 0; border: 0; } #simple-contact-form .scf-row input { box-sizing: border-box; float: left; clear: none; width: 75%; margin: 0; } #simple-contact-form .scf-row label { box-sizing: border-box; float: left; clear: both; width: 25%; margin-top: 5px; font-size: 90%; } #simple-contact-form .scf-row textarea { box-sizing: border-box; float: left; clear: both; width: 100%; margin-top: 2px; }#simple-contact-form form { max-width: 700px; padding: 5px; } #simple-contact-form .scf-row { width: 100%; overflow: hidden; margin: 5px 0; padding: 5px 0; border: 0; } #simple-contact-form .scf-row input { box-sizing: border-box; float: left; clear: none; width: 75%; margin: 0; } #simple-contact-form .scf-row label { box-sizing: border-box; float: left; clear: both; width: 25%; margin-top: 5px; font-size: 90%; } #simple-contact-form .scf-row textarea { box-sizing: border-box; float: left; clear: both; width: 100%; margin-top: 2px; } #scf_success pre { white-space: pre-wrap; } p.scf_error, p.scf_spam { color: #cc0000; } div.scf-submit { margin-top: 10px; } p.scf_success { color: #669966; } .scf-confirm-checkbox { margin-top: 15px; } .scf-website3dhhsy3 { display: none; }<\/style><div style=\"clear:both\">&nbsp;<\/div><\/div>\n","protected":false},"excerpt":{"rendered":"<p>Votre soutien est essentiel pour permettre \u00e0 NAMOROKA de mener ses projets&nbsp;\u00e0 bien. Faire un don Nos actions ne sont possibles que gr\u00e2ce \u00e0 votre g\u00e9n\u00e9rosit\u00e9. Plusieurs formules sont possibles sur notre page d\u00e9di\u00e9e (dons ponctuels, abonnements\u2026). Nous rejoindre Vous souhaitez vous investir davantage ? Rejoignez-nous ! Contactez-nous ci-dessous pour proposer votre contribution ou votre &hellip; <\/p>\n<p class=\"link-more\"><a href=\"https:\/\/www.namoroka.org\/?page_id=32\" class=\"more-link\">Lire la suite de<span class=\"screen-reader-text\">\u00ab\u00a0Nous soutenir\u00a0\u00bb<\/span><\/a><\/p>\n","protected":false},"author":1,"featured_media":0,"parent":0,"menu_order":0,"comment_status":"closed","ping_status":"closed","template":"","meta":{"footnotes":""},"class_list":["post-32","page","type-page","status-publish","hentry"],"_links":{"self":[{"href":"https:\/\/www.namoroka.org\/index.php?rest_route=\/wp\/v2\/pages\/32","targetHints":{"allow":["GET"]}}],"collection":[{"href":"https:\/\/www.namoroka.org\/index.php?rest_route=\/wp\/v2\/pages"}],"about":[{"href":"https:\/\/www.namoroka.org\/index.php?rest_route=\/wp\/v2\/types\/page"}],"author":[{"embeddable":true,"href":"https:\/\/www.namoroka.org\/index.php?rest_route=\/wp\/v2\/users\/1"}],"replies":[{"embeddable":true,"href":"https:\/\/www.namoroka.org\/index.php?rest_route=%2Fwp%2Fv2%2Fcomments&post=32"}],"version-history":[{"count":10,"href":"https:\/\/www.namoroka.org\/index.php?rest_route=\/wp\/v2\/pages\/32\/revisions"}],"predecessor-version":[{"id":465,"href":"https:\/\/www.namoroka.org\/index.php?rest_route=\/wp\/v2\/pages\/32\/revisions\/465"}],"wp:attachment":[{"href":"https:\/\/www.namoroka.org\/index.php?rest_route=%2Fwp%2Fv2%2Fmedia&parent=32"}],"curies":[{"name":"wp","href":"https:\/\/api.w.org\/{rel}","templated":true}]}}